umber?
False
Is 6197 prime?
True
Is 9481 a composite number?
True
Is 1931 a composite number?
False
Is 274061 a composite number?
False
Is 5114 prime?
False
Is 389 a prime number?
True
Is 28751 a prime number?
True
Is 14243 prime?
True
Is 1397 prime?
False
Is 11983 a composite number?
True
Is 45817 composite?
False
Is 24749 composite?
False
Is 501991 a composite number?
True
Is 17707 prime?
True
Is 162007 prime?
True
Is 10529 a composite number?
False
Is 786023 composite?
True
Is 140381 a composite number?
False
Is 16013 composite?
True
Is 56897 a prime number?
True
Is 2442457 a composite number?
False
Is 344821 composite?
False
Is 166183 composite?
False
Is 80917 a composite number?
False
Is 61001 a composite number?
False
Is 2157 a prime number?
False
Is 1405997 a prime number?
True
Is 501367 prime?
True
Is 38767 composite?
False
Is 369791 composite?
False
Is 3694 prime?
False
Is 42569 a composite number?
False
Is 60647 composite?
False
Is 6007 composite?
False
Is 285937 prime?
True
Is 389357 prime?
True
Is 24305 a prime number?
False
Is 1154 a composite number?
True
Is 7069 a composite number?
False
Is 1049251 a composite number?
True
Is 261407 a prime number?
True
Is 454673 a prime number?
True
Is 762121 a composite number?
False
Is 85817 a composite number?
False
Is 54407 prime?
False
Is 11671 composite?
True
Is 1949 prime?
True
Is 331 a prime number?
True
Is 26903 composite?
False
Is 5189 a composite number?
False
Is 11149 composite?
False
Is 1367 a prime number?
True
Is 2933 a prime number?
False
Is 521237 prime?
False
Is 9977 prime?
False
Is 104693 prime?
True
Is 18869 composite?
False
Is 7817 a prime number?
True
Is 16547 a prime number?
True
Is 39959 a prime number?
False
Is 22751 prime?
True
Is 60811 prime?
True
Is 1296403 composite?
True
Is 105373 a composite number?
False
Is 14165 composite?
True
Is 5951 prime?
False
Is 965281 a prime number?
False
Is 23969 prime?
False
Is 1874 prime?
False
Is 54263 prime?
False
Is 61837 composite?
False
Is 113327 composite?
False
Is 7169 composite?
True
Is 991397 composite?
True
Is 191 a prime number?
True
Is 60589 a composite number?
False
Is 769 prime?
True
Is 319409 a composite number?
True
Is 3341 composite?
True
Is 183809 composite?
False
Is 126481 a composite number?
False
Is 49957 a prime number?
True
Is 7633 a prime number?
False
Is 413521 composite?
False
Is 40199 composite?
True
Is 1657 a composite number?
False
Is 1226041 composite?
False
Is 5155 a prime number?
False
Is 1847 a composite number?
False
Is 27611 a composite number?
False
Is 7499 a prime number?
True
Is 7621 prime?
True
Is 5809 prime?
False
Is 236293 prime?
True
Is 85661 a prime number?
True
Is 24061 a prime number?
True
Is 111409 a composite number?
False
Is 43481 a prime number?
True
Is 485749 composite?
True
Is 6879 a prime number?
False
Is 42797 a composite number?
False
Is 40253 prime?
True
Is 30443 composite?
True
Is 325879 a prime number?
False
Is 127943 composite?
True
Is 917951 a prime number?
True
Is 15917 composite?
True
Is 521267 prime?
True
Is 870689 a prime number?
False
Is 246377 prime?
False
Is 19883 composite?
True
Is 140677 prime?
True
Is 1457 a prime number?
False
Is 144103 a prime number?
True
Is 82699 a composite number?
False
Is 39539 a composite number?
True
Is 8899 a composite number?
True
Is 177699 composite?
True
Is 198143 a composite number?
True
Is 50231 prime?
True
Is 97687 a composite number?
False
Is 1263751 prime?
True
Is 137405 a composite number?
True
Is 2557 prime?
True
Is 176533 a composite number?
True
Is 251387 composite?
False
Is 553961 a composite number?
False
Is 381 a composite number?
True
Is 12693 composite?
True
Is 285067 prime?
False
Is 727577 composite?
False
Is 16106 prime?
False
Is 24785 a prime number?
False
Is 16619 prime?
True
Is 194371 prime?
True
Is 53477 composite?
True
Is 1171303 a prime number?
False
Is 44771 a composite number?
False
Is 13387 a composite number?
True
Is 14189 composite?
True
Is 3056579 a prime number?
True
Is 176557 a prime number?
True
Is 36965 composite?
True
Is 524833 a composite number?
True
Is 69749 composite?
True
Is 25057 prime?
True
Is 286733 a prime number?
True
Is 18787 a composite number?
False
Is 91183 a composite number?
False
Is 13681 composite?
False
Is 15767 prime?
True
Is 20765 a composite number?
True
Is 4399 a composite number?
True
Is 10211 a composite number?
False
Is 691871 a composite number?
False
Is 41879 a prime number?
True
Is 9865 prime?
False
Is 16327 a prime number?
False
Is 1410077 prime?
True
Is 16979 a composite number?
False
Is 49681 a composite number?
False
Is 57127 composite?
True
Is 263 composite?
False
Is 25339 composite?
False
Is 107171 a composite number?
False
Is 1380538 a prime number?
False
Is 53047 prime?
True
Is 979 composite?
True
Is 74489 a prime number?
True
Is 14051 a prime number?
True
Is 488245 a composite number?
True
Is 9233 a prime number?
False
Is 21327 prime?
False
Is 2518 prime?
False
Is 440641 prime?
True
Is 1399 a composite number?
False
Is 279131 a prime number?
True
Is 1115 a composite number?
True
Is 20077 composite?
True
Is 4583 composite?
False
Is 221251 prime?
True
Is 91079 a prime number?
True
Is 46171 composite?
False
Is 31 a prime number?
True
Is 34781 prime?
True
Is 111997 prime?
True
Is 3662 composite?
True
Is 1379 a composite number?
True
Is 1159711 composite?
True
Is 14969 prime?
True
Is 1623185 a prime number?
False
Is 327226 a prime number?
False
Is 321779 composite?
False
Is 15529 composite?
True
Is 16129 prime?
False
Is 73187 a prime number?
False
Is 101939 a prime number?
True
Is 4861 a prime number?
True
Is 2033543 a prime number?
True
Is 631 composite?
False
Is 373045 prime?
False
Is 3421 a composite number?
True
Is 212663 a prime number?
False
Is 6731 prime?
False
Is 5321 prime?
False
Is 1069303 a prime number?
True
Is 23731 a composite number?
True
Is 3947 composite?
False
Is 12991 prime?
False
Is 126397 a composite number?
False
Is 24619 composite?
True
Is 1007873 a composite number?
False
Is 24151 a composite number?
False
Is 389357 a prime number?
True
Is 791066 a composite number?
True
Is 7679 prime?
False
Is 59333 a prime number?
True
Is 540803 prime?
True
Is 292601 prime?
True
Is 382103 a composite number?
False
Is 11983 a composite number?
True
Is 83459 prime?
True
Is 29471 prime?
False
Is 1306862 prime?
False
Is 849 prime?
False
Is 65761 a prime number?
True
Is 58495 a prime number?
False
Is 7753 a prime number?
True
Is 484129 composite?
False
Is 1508071 composite?
True
Is 29431 prime?
False
Is 321947 prime?
True
Is 296601 composite?
True
Is 647137 a composite number?
True
Is 562379 composite?
True
Is 16043 a composite number?
True
Is 196967 a composite number?
True
Is 6653 prime?
True
Is 1437 composite?
True
Is 5599 a prime number?
False
Is 767203 prime?
True
Is 163469 prime?
True
Is 158843 prime?
True
Is 1259 a composite number?
False
Is 18682 a composite number?
True
Is 3349 composite?
True
Is 793919 a composite number?
True
Is 113493 a composite number?
True
Is 31969 a composite number?
True
Is 191413 a composite number?
False
Is 6521 composite?
False
Is 24253 prime?
False
Is 43003 composite?
False
Is 2169065 a composite number?
True
Is 1519391 a prime number?
True
Is 392783 a prime number?
False
Is 10037 prime?
True
Is 23849 composite?
True
Is 81695 a prime number?
False
Is 5437 prime?
True
Is 6719 a composite number?
False
Is 875923 composite?
False
Is 511831 composite?
False
Is 149923 composite?
True
Is 241747 a prime number?
False
Is 8803 a prime number?
True
Is 202355 a composite number?
True
Is 13379 a prime number?
False
Is 65 composite?
True
Is 1055 prime?
False
Is 51533 a prime number?
False
Is 13997 a prime number?
True
Is 165203 a composite number?
False
Is 539758 prime?
False
Is 1375849 a prime number?
False
Is 148699 a prime number?
False
Is 13043 composite?
False
Is 2149 prime?
False
Is 2503 a prime number?
True
Is 36289 a composite number?
True
Is 166967 a composite number?
False
Is 2897 a prime number?
True
Is 2063 a composite number?
False
Is 1166903 a composite number?
False
Is 153593 a composite number?
True
Is 691409 prime?
True
Is 148483 composite?
False
Is 69289 prime?
False
Is 24659 a prime number?
True
Is 9017 composite?
True
I